 - 2. Let l be h(u). What is the remainder when 5 is divided by (l*-4)/(-2)*1?
1
Let j(g) = -g - 2. Let m be j(-7). Suppose 2*x - m*x + 99 = 0. Calculate the remainder when x is divided by (-2)/3*(-81)/6.
6
Suppose -r + 3*m + 20 = 0, -3*r - 4*m + 12 + 22 = 0. Let f(s) = -s**3 + 6*s**2 + 6*s + 5. What is the remainder when f(6) is divided by r?
13
Suppose 0*h + 4*h - 48 = 0. Let z = h + 15. What is the remainder when z is divided by 14?
13
Let k(z) = 13*z**2 + 5 - 9*z**2 - 3. Suppose -6 = -2*c - 2. What is the remainder when k(c) is divided by 10?
8
Let d = 1 - -8. Suppose -484 = 75*t - 86*t. What is the remainder when t is divided by d?
8
Let t(b) = -2*b + 1 + 0 - 1 - 4. What is the remainder when 6 is divided by t(-4)?
2
Suppose -u - u = -28. Calculate the remainder when 82 is divided by u.
12
Suppose k + 3*k - 72 = 0. Calculate the remainder when 32 is divided by k.
14
Let d = -1 + -1. What is the remainder when ((-24)/(-1 + 5))/d is divided by 1?
0
Let s(w) = -2*w - 3. Let n be s(-4). Let y(f) = f**3 - 6*f**2 + 8*f - 6. Suppose 340 = 2*o + 334. Calculate the remainder when y(n) is divided by o.
0
Suppose -7 + 22 = 5*q. Let m = 3 - q. Suppose -4*v + 0*v + 12 = m. What is the remainder when 5 is divided by v?
2
Let f(l) = l - 3. Let u be f(6). Suppose -45 = -4*g + 3*y, -y = -u*g - 2*y + 24. What is the remainder when g is divided by 5/(-1 - 2*-1)?
4
Suppose -2*t + 106 = 2*g - t, 0 = -2*g + 3*t + 98. Let n = -14 + g. Calculate the remainder when n is divided by 13.
12
Let x be 72/(-16)*(-280)/6. Suppose -4*r - r + x = 0. Calculate the remainder when r is divided by 22.
20
Suppose -5*i + 9*i = 100. Calculate the remainder when i is divided by 14.
11
Let a(j) = -2*j + 2. Let w be a(-3). Let g = w + -5. Suppose -3*h = -3*t - 18, 2*h - 3*t - 34 = -g*h. What is the remainder when 15 is divided by h?
7
Let g(s) = -s**3 - 19*s**2 - 36*s + 19. What is the remainder when g(-17) is divided by 18?
17
Suppose -84 = -w - 2*s, 5*s + 43 + 20 = w. Let o = -53 + w. What is the remainder when o is divided by 7?
4
Let w = -5 - -13. Suppose 6*i = 10*i. Suppose -41 = -2*b - 3*k, -3*k = -i*b - 5*b + 50. What is the remainder when b is divided by w?
5
Suppose 5*o = 6 - 1, -2*o = 5*u - 137. What is the remainder when 43 is divided by (-4)/18 + 600/u?
21
Suppose -x + 31 = 5*f, -3*x + 2*x + 4*f = -22. What is the remainder when 122 is divided by x?
18
Suppose 13*p - 43 = 48. Calculate the remainder when 20 is divided by p.
6
Let j(p) = p**3 - 6*p**2 + 6*p + 2. Suppose -4*m + 170 = 5*a - 0*m, a = -2*m + 40. Suppose 3*w = a + 9. What is the remainder when j(6) is divided by w?
12
Let t(s) = -14*s + 2. What is the remainder when t(-4) is divided by 16?
10
Suppose 2*n = -2*a + 90, 2*n = -7*a + 3*a + 172. Calculate the remainder when a is divided by 11.
8
Let b = 54 - 34. What is the remainder when b is divided by 12?
8
What is the remainder when 12/(-15)*1335/(-6) is divided by 45?
43
Let w be -2 - (0 - 1/1). Let r(i) = -2*i**3 + i**2 - 4*i - 2. Calculate the remainder when r(-3) is divided by (0 + w - -2)*25.
23
Let o(k) = k**3 + 17*k**2 - 2*k - 7. Suppose r - 9 = 5. What is the remainder when o(-17) is divided by r?
13
Let g(t) = -6*t - 7. Calculate the remainder when g(-5) is divided by 7.
2
Suppose -3*z + 2*k + 19 = -0*z, 5*k + 31 = 2*z. Suppose z*m + m - 34 = -5*i, m = -4*i + 3. Calculate the remainder when m is divided by 4.
3
Let d(v) = v**3 - v - 2. Suppose 3*b - 4*b = -3. Calculate the remainder when d(2) is divided by b.
1
Let l = 32 + -23. Suppose 4*i = i - l. Let c = i - -11. What is the remainder when 22 is divided by c?
6
Let d = -5 + 11. Let g(r) be the second derivative of r**4/12 - 2*r**3/3 - 2*r**2 + 2*r. What is the remainder when 22 is divided by g(d)?
6
Let q be (-3)/(3*(-4)/1192). What is the remainder when q/8 + 7/(-28) is divided by 13?
11
Suppose 5*h + 4*t = 9, h + t = -0 + 1. Suppose 56 = 4*a + i - h*i, 3*a - 41 = 4*i. What is the remainder when a is divided by 9?
6
Let d = 0 - -1. Let z = -8 + -3. Let s = d - z. Calculate the remainder when s is divided by 7.
5
Suppose 0 = 4*w, -3*w = -d + 3*d. Suppose -5*v - 3*u + 12 = 42, d = -2*u - 10. Let z = v - -14. Calculate the remainder when 42 is divided by z.
9
Let k = 21 + -6. Calculate the remainder when k is divided by 9.
6
Suppose -3*s + 11 + 25 = 0. Suppose -3*t + 250 = -8*t. What is the remainder when 1/(-5) - 1760/t is divided by s?
11
Let s = 160 - 129. Calculate the remainder when 59 is divided by s.
28
Calculate the remainder when (1 + 1)/((-14)/(-287)) is divided by -2 + ((-6)/(-9))/(10/195).
8
Let n = 14 - 5. What is the remainder when 16 is divided by n?
7
Suppose 2*m = n - 12, n + m = 4*n - 56. What is the remainder when (-1*1)/((-14)/532) is divided by n?
18
Suppose -5*g + 62 - 12 = 0. Suppose 5 + 5 = 5*w. Calculate the remainder when w/7 - (-1285)/35 is divided by g.
7
Suppose -28 = 2*z - 3*z. Calculate the remainder when z is divided by 15.
13
Suppose 84 = -0*p + 3*p. Suppose 0 = -3*f + 2*f + 36. Let n = f - 21. What is the remainder when p is divided by n?
13
Suppose -5*j - 25 + 0 = 0. Let n be j/(-1*(-2)/(-4)). Let l = 3 + n. Calculate the remainder when l is divided by 7.
6
Let y(g) = g**2 - 5*g + 7. Let o be 2/3*3*3. Calculate the remainder when y(o) is divided by 7.
6
Let r(w) = w**3 - 5*w**2 - w - 2. Let o be r(4). Let h = -10 - o. Suppose -2*k + 2 = 6, -3*k = 5*d - 164. Calculate the remainder when d is divided by h.
10
Calculate the remainder when 319/7 - 16/28 is divided by 24.
21
Suppose 0 = -5*b + 3*m + 104, m + 0*m = 2. Calculate the remainder when b is divided by 6 + (-1)/1 + 3.
6
Let i be 4*((-2)/1)/(-2). Suppose -108 = -3*u - i*v, -v + 6*v + 113 = 4*u. Let o = 48 - u. Calculate the remainder when 46 is divided by o.
14
Suppose -7*u = -2*u - 45. Calculate the remainder when 33 is divided by u.
6
Suppose -12 = -5*n + 8. Suppose 66 = 5*g + n*h - 9, 2*g + h - 33 = 0. Calculate the remainder when 49 + 6 + 1/1 is divided by g.
18
Let y be ((-4)/12)/(2/(-12)). Suppose 3*f - 24 = 3*a, 2*a - 2*f + 32 = -y*a. Calculate the remainder when 26 is divided by (a/(-12))/(2/27).
8
Suppose 0*d + 2*d - 4*y = 66, -2*y = -5*d + 157. What is the remainder when d is divided by 12?
7
Let o(x) = -34*x - 18. What is the remainder when o(-6) is divided by 47?
45
Let d be 8/44 - (-216)/22. Calculate the remainder when 23 is divided by 2/(-5) + 84/d.
7
Suppose 0 = 5*q + 3*l - 44, -41 = -5*q - 2*l + 5. Suppose -q = -t - t. What is the remainder when 9 is divided by t?
4
Suppose 3*g - 15 = -0*g. Suppose g*w - 4 = -2*l, l - 8 = -3*l - 2*w. Suppose -4*k + l*k + 70 = 0. Calculate the remainder when k is divided by 12.
11
Let c = -13 - -17. Suppose -c*l = 38 - 90. What is the remainder when 24 is divided by l?
11
Let w = -512 + 148. Let z = 570 + w. Calculate the remainder when z/6 - 3/9 is divided by 12.
10
Let z = -26 + 43. Calculate the remainder when 66 is divided by z.
15
Suppose -4*p = 17 + 79. Suppose 0 = t + 4*t - 105. What is the remainder when t is divided by -2*33/p*4?
10
Suppose 4*l - 40 = q, -2*l = 2*q - 16 - 14. Suppose -4*s + 230 - 14 = 0. Calculate the remainder when s is divided by l.
10
Let d(s) be the first derivative of s**3/3 + s**2/2 - 2*s - 3. Calculate the remainder when d(4) is divided by 10.
8
Let q(s) be the second derivative of -s**5/20 - 5*s**4/12 + 7*s**3/6 + 13*s**2/2 - s. Calculate the remainder when 25 is divided by q(-6).
4
Let o(q) = -22*q + 1. Suppose -12*k = -5*k + 7. Let v = 17 + -9. What is the remainder when o(k) is divided by v?
7
Let i(z) = 11*z + 0*z + 8*z**2 - 4*z + z**3 - 6. What is the remainder when i(-6) is divided by (-6)/9 - 58/(-6)?
6
Suppose -3*t = 3*d - 102, 0 = -4*t - 0*t - d + 145. Calculate the remainder when t is divided by 13.
11
Let v(z) = z + 1. Let f be v(1). Suppose f*i + i - 21 = 0. What is the remainder when 25 is divided by i?
4
Suppose -11 = k - 2*l, 8*k - 4*k = -4*l + 16. Let j(i) = 14*i**2 + 1. Calculate the remainder when 57 is divided by j(k).
12
Let x(c) = -3*c**3 - 3*c**2 + c - 2. Calculate the remainder when 17 is divided by x(-2).
1
Suppose -5*w = -0*t + 2*t + 17, 5*w + 5*t + 20 = 0. What is the remainder when w*1 + (-171)/(-3) is divided by 14?
12
Suppose -3*z + 4*x - 7 = 0, 5*z + 3*x - 32 = -5. Suppose -z*p = -y + 27, 4*p + 8